{"id":71998,"date":"2025-10-08T08:49:51","date_gmt":"2025-10-08T11:49:51","guid":{"rendered":"https:\/\/fotosdekite.com.br\/?product=raphael-correaimg_1362-jpg"},"modified":"2025-10-08T08:49:53","modified_gmt":"2025-10-08T11:49:53","slug":"raphael-correaimg_1362-jpg","status":"publish","type":"product","link":"https:\/\/fotosdekite.com.br\/?product=raphael-correaimg_1362-jpg","title":{"rendered":"Raphael Corr\u00eaaIMG_1362.jpg"},"content":{"rendered":"<p>Suas fotografias velejando kitesurf em pontal do Macei\u00f3 por Paulo Andr\u00e9.<\/p>\n","protected":false},"excerpt":{"rendered":"<p>Fotografias velejando em Pontal feitas por Paulo Andr\u00e9 <\/p>\n","protected":false},"featured_media":72000,"template":"","meta":[],"product_brand":[],"product_cat":[609],"product_tag":[613],"class_list":{"0":"post-71998","1":"product","2":"type-product","3":"status-publish","4":"has-post-thumbnail","6":"product_cat-08-10-25","7":"product_tag-raphael-correa","9":"first","10":"instock","11":"downloadable","12":"shipping-taxable","13":"purchasable","14":"product-type-simple"},"_links":{"self":[{"href":"https:\/\/fotosdekite.com.br\/index.php?rest_route=\/wp\/v2\/product\/71998","targetHints":{"allow":["GET"]}}],"collection":[{"href":"https:\/\/fotosdekite.com.br\/index.php?rest_route=\/wp\/v2\/product"}],"about":[{"href":"https:\/\/fotosdekite.com.br\/index.php?rest_route=\/wp\/v2\/types\/product"}],"version-history":[{"count":0,"href":"https:\/\/fotosdekite.com.br\/index.php?rest_route=\/wp\/v2\/product\/71998\/revisions"}],"wp:featuredmedia":[{"embeddable":true,"href":"https:\/\/fotosdekite.com.br\/index.php?rest_route=\/wp\/v2\/media\/72000"}],"wp:attachment":[{"href":"https:\/\/fotosdekite.com.br\/index.php?rest_route=%2Fwp%2Fv2%2Fmedia&parent=71998"}],"wp:term":[{"taxonomy":"product_brand","embeddable":true,"href":"https:\/\/fotosdekite.com.br\/index.php?rest_route=%2Fwp%2Fv2%2Fproduct_brand&post=71998"},{"taxonomy":"product_cat","embeddable":true,"href":"https:\/\/fotosdekite.com.br\/index.php?rest_route=%2Fwp%2Fv2%2Fproduct_cat&post=71998"},{"taxonomy":"product_tag","embeddable":true,"href":"https:\/\/fotosdekite.com.br\/index.php?rest_route=%2Fwp%2Fv2%2Fproduct_tag&post=71998"}],"curies":[{"name":"wp","href":"https:\/\/api.w.org\/{rel}","templated":true}]}}

Raphael CorrêaIMG_1362.jpg

<p>Suas fotografias velejando kitesurf em pontal do Maceió por Paulo André.</p>

<p>Fotografias velejando em Pontal feitas por Paulo André </p>
